8*x**2 - 87*x + 5317. Calculate j(-96).
-4763
Let z(u) = u**3 + 36*u**2 + 296*u - 129. Calculate z(-27).
-1560
Let v(j) = -2*j**3 - 15*j**2 + 35*j + 497. Calculate v(-11).
959
Let w(a) = -a**3 - 20*a**2 - 325*a - 1063. Calculate w(-4).
-19
Let g(r) = -376*r + 11986. Give g(34).
-798
Let r(o) = 2239*o - 85108. Calculate r(38).
-26
Let t(f) = 2*f**2 + 50*f - 279. Give t(6).
93
Let a(r) = -4691*r + 1487042. What is a(317)?
-5
Let f(x) = 1967*x**3 + 21*x**2 + 42*x - 64. Determine f(1).
1966
Let w(n) = 134827*n - 1078591. Calculate w(8).
25
Let m(t) = -32*t + 374. Give m(6).
182
Let p(d) = d**2 - 5996*d - 36063. Calculate p(-6).
-51
Let n(s) = -s**3 + 66*s**2 - 526*s - 11571. What is n(24)?
-3
Let x(c) = -2*c**3 + 269*c**2 + 4316*c + 725. Calculate x(149).
-20
Let f(m) = -780*m - 60217. What is f(-77)?
-157
Let m(l) = -170340*l - 170345. Give m(-1).
-5
Let t(w) = w**3 - 94*w**2 + 410*w + 119. Calculate t(89).
-2996
Let a(g) = -3*g**2 - 321*g + 6794. What is a(-122)?
1304
Let i(q) = -10759*q + 86069. Calculate i(8).
-3
Let t(m) = -1286*m + 168466. What is t(131)?
0
Let l(c) = -7535*c - 52743. Give l(-7).
2
Let k(g) = 3*g**3 + 6*g**2 - 6*g + 7. What is k(-6)?
-389
Let n(d) = -3757*d - 7449. Give n(-2).
65
Let d(z) = -2*z**2 + 166*z + 11617. Determine d(128).
97
Let d(k) = 9*k**2 + 155*k + 352. Calculate d(-15).
52
Let f(u) = -2*u**3 + 160*u**2 - 199*u + 2747. Give f(79).
-492
Let s(b) = 6*b**2 - 119*b + 162. Calculate s(21).
309
Let f(k) = -5613*k + 645479. What is f(115)?
-16
Let f(z) = -1707665*z - 44399291. Calculate f(-26).
-1
Let z(q) = -2*q**3 + 142*q**2 - 2454*q + 571. Give z(29).
49
Let t(r) = r**3 + 86*r**2 + 302*r + 4441. Determine t(-83).
42
Let x(f) = -f**3 - f**2 - 59*f - 18. Give x(-8).
902
Let q(o) = o**2 + 482*o + 55169. Calculate q(-297).
224
Let h(f) = -f**3 + 28*f**2 + 1431*f - 39367. Calculate h(27).
-1
Let u(x) = -645*x + 14162. Determine u(22).
-28
Let q(v) = -2803*v + 1510820. Calculate q(539).
3
Let c(o) = 26*o**2 - 1202*o - 1370. Calculate c(44).
-3922
Let r(x) = -2301*x + 57509. What is r(25)?
-16
Let s(j) = -13*j**2 - 1539*j - 543. Give s(-118).
47
Let u(y) = 40*y**2 - 101*y + 54. Give u(4).
290
Let g(f) = -2*f**2 - 104*f + 1363. What is g(11)?
-23
Let w(b) = -b**2 + 2455*b + 2181518. Determine w(-693).
-46
Let a(v) = -6*v**2 + 73*v + 2344. Determine a(-15).
-101
Let n(f) = -f**2 - 85*f + 154. Determine n(15).
-1346
Let n(a) = -410*a**3 + 1639*a**2 - 17*a + 74. Give n(4).
-10
Let n(c) = -47*c**3 + 328*c**2 + 29*c - 208. What is n(7)?
-54
Let f(k) = 25654*k - 897831. Calculate f(35).
59
Let q(p) = 531*p - 11485. Give q(23).
728
Let f(x) = 7*x**2 - 1248*x - 306. Give f(180).
1854
Let b(t) = 2*t**2 + 5822*t - 75992. Calculate b(13).
32
Let k(q) = -249*q + 35. Calculate k(-2).
533
Let j(v) = -26*v**3 + 807*v**2 - 924. Determine j(31).
37
Let a(f) = -f**3 + 63*f**2 - 244*f + 119. Determine a(59).
-353
Let a(r) = 39363*r + 14. Give a(0).
14
Let b(p) = 4382*p - 16514. What is b(4)?
1014
Let y(a) = -602*a + 112602. Determine y(186).
630
Let h(p) = -2*p**2 - 37155*p + 408952. Give h(11).
5
Let r(o) = -5*o**3 + 2979*o**2 + 633223*o - 769. Determine r(762).
-7
Let y(x) = 44*x**2 + 1058*x - 23440. Give y(14).
-4
Let j(f) = 46*f**2 - 2816*f + 8038. Calculate j(3).
4
Let o(n) = n**3 + 10*n**2 + 50*n + 160. Determine o(-4).
56
Let y(l) = -3*l**3 - l**2 - 350*l + 3527. Give y(7).
-1
Let k(b) = -3*b**2 + 93*b + 1288. Determine k(30).
1378
Let a(r) = -6773*r**2 - 108*r + 4. Give a(1).
-6877
Let d(i) = 940*i - 423693. Give d(451).
247
Let v(m) = -4*m**3 + 6*m**2 - 218*m + 1036. Give v(5).
-404
Let d(m) = 9232*m + 27573. Determine d(-3).
-123
Let v(r) = r**2 - 1729*r - 22565. What is v(-13)?
81
Let l(h) = -2*h**2 + 16427*h - 131267. Give l(8).
21
Let i(c) = -216*c**2 + 385*c - 4. Give i(2).
-98
Let q(x) = -96*x**2 - 1702*x + 4352. What is q(-20)?
-8
Let k(o) = 9*o**3 + 61*o**2 + 755*o + 5381. Determine k(-7).
-2
Let r(t) = t**3 - 95*t**2 + 767*t + 832. Determine r(86).
230
Let i(y) = 32*y**2 - 1202*y + 661. Determine i(37).
-5
Let z(j) = 2*j**3 + 114*j**2 - 132*j - 7582. Give z(-57).
-58
Let s(r) = 68*r**3 + 475*r**2 + 4*r - 84. What is s(-7)?
-161
Let r(a) = a**3 + 669*a**2 - 5407*a + 6101. Calculate r(-677).
8
Let f(x) = x**2 + 34*x + 110. Give f(-19).
-175
Let j(q) = -q**2 - 131*q - 1747. Determine j(-87).
2081
Let p(q) = 32939*q + 65879. Give p(-2).
1
Let i(s) = -387*s + 8292. Give i(25).
-1383
Let c(u) = -7002*u - 315097. Calculate c(-45).
-7
Let g(r) = -7022*r - 41634. Determine g(-6).
498
Let u(m) = 4*m**2 + 765*m + 29401. What is u(-138)?
7
Let s(d) = -3*d**2 + 310*d - 2116. Give s(96).
-4
Let a(b) = 1031*b - 13551. Determine a(12).
-1179
Let z(i) = -4288682*i + 34309474. What is z(8)?
18
Let h(x) = x**3 - 34*x**2 - 3661*x + 852. Determine h(-46).
-22
Let j(n) = -2167473*n - 10837361. Determine j(-5).
4
Let i(z) = 3254*z + 35823. Determine i(-11).
29
Let u(q) = 9419*q - 612163. Calculate u(65).
72
Let p(c) = -6*c**2 + 552*c - 6595. Give p(13).
-433
Let p(q) = 9*q**2 + 1770*q + 54144. Determine p(-38).
-120
Let v(u) = 25362*u + 735476. Give v(-29).
-22
Let s(y) = 25100*y + 75267. Give s(-3).
-33
Let m(x) = 55*x**3 - 32338*x**2 - 1159*x - 9989. Calculate m(588).
7
Let y(r) = -38*r**2 - 94*r - 475. Determine y(4).
-1459
Let q(z) = -4549*z + 46178. Calculate q(10).
688
Let l(x) = -x**2 + 193*x - 6458. What is l(42)?
-116
Let w(v) = -v**3 - 78*v**2 + 362*v - 4415. Give w(-83).
-16
Let z(l) = 84*l**2 + 743*l - 743. What is z(1)?
84
Let s(z) = -202697*z - 608055. What is s(-3)?
36
Let j(t) = -1278*t + 165155. Give j(129).
293
Let q(i) = 2*i**2 + 953*i + 97864. Determine q(-150).
-86
Let c(s) = -s**3 - 64*s**2 + 1732*s - 9931. Determine c(10).
-11
Let l(y) = 34*y**2 - 1204*y - 842. What is l(36)?
-122
Let o(b) = 8*b**3 - 704*b**2 + 34*b - 2573. Calculate o(88).
419
Let j(b) = 3*b**3 - 268*b**2 + 1578*b + 44. Give j(6).
512
Let o(v) = -3*v**3 - 89*v**2 + 27*v - 409. Give o(-30).
-319
Let v(s) = -2*s**2 - 312*s - 11269. What is v(-106)?
-669
Let b(z) = 307*z**2 + 8826*z - 2201. Determine b(-29).
32
Let m(k) = -14101*k**2 - 747363*k - 536. Give m(-53).
-6
Let d(b) = 61105*b - 794489. Calculate d(13).
-124
Let q(g) = -g**2 + 48*g + 33309. Calculate q(208).
29
Let c(w) = 639*w**2 - 51087*w - 2649. Calculate c(80).
-9
Let x(n) = n**2 + 207*n - 336. What is x(-207)?
-336
Let f(l) = -8*l**3 - 6*l**2 + 10*l - 138. Give f(6).
-2022
Let b(j) = -j**2 + 188671*j - 1886640. Determine b(10).
-30
Let j(l) = -2579*l - 693. Determine j(0).
-693
Let v(w) = -w**2 + 13108*w + 697530. Give v(-53).
-3
Let b(m) = m**2 - 328*m - 38140. Give b(-91).
-11
Let b(f) = 6888*f - 447716. What is b(65)?
4
Let y(w) = -w**2 + 116*w + 12718. What is y(167)?
4201
Let y(g) = 2*g**3 + 125*g**2 + 166*g - 14617. What is y(-59)?
-44
Let n(z) = -59*z**2 - 6386*z - 1554. Determine n(-108).
-42
Let w(g) = -32*g**2 + 245*g - 442. Calculate w(5).
-17
Let r(o) = 6*o**3 - 134*o**2 + 82*o - 524. Calculate r(22).
312
Let n(k) = k**3 + 14*k**2 + 10*k - 187. Determine n(-12).
-19
Let n(x) = -560876*x - 1121739. Give n(-2).
13
Let x(j) = 434*j - 2852. Give x(5).
-682
Let d(v) = -v**3 - 25*v**2 - 45*v - 599. Determine d(-24).
-95
Let a(q) = -13261*q - 265234. Calculate a(-20).
-14
Let a(d) = 5421*d + 2195465. Give a(-405).
-40
Let q(r) = 1606*r**2 - 41759*r + 86. Determine q(26).
8
Let z(g) = -465031*g + 5115351. Calculate z(11).
10
Let q(u) = 4*u**3 + u**2 + 3037*u + 6088. Give q(-2).
-14
Let b(d) = 10*d**2 + 767*d - 6374. Give b(-84).
-242
Let n(o) = -125*o + 938. Give n(7).
63
Let c(t) = -158*t**2 - 9*t + 17. Give c(1).
-150
Let n(b) = 9*b**2 + 130*b + 14. What is n(-7)?
-455
Let j(a) = 245*a**3 - 23*a - 44. Determine j(-2).
-1958
Let z(g) = -789*g - 23189. Calculate z(-29).
-308
Let j(u) = 9*u**2 + 960*u - 1402. Give j(-108).
-106
Let g(j) = j**3 - 223*j**2 + 4082*j - 4088. Determine g(203).
378
Let q(i) = -105*i**3 + 22*i**2 + 47*i + 8. Calculate q(-2).
842
Let q(d) = 18147*d - 108944. What is q(6)?
-62
Let k(q) = -152*q**2 + 680*q + 2718. Calculate k(-4).
-2434
Let a(p) = -55*p**2 - 124*p - 627. Determine a(-5).
-1382
Let r(z) = z**2 + 111*z + 2922. Give r(-42).
24
Let j(x) = -116*x - 18621. Give j(-156).
-525
Let l(x) = 677*x + 4970. Calculate l(-8).
-446
Let w(j) = 10957*j + 32742. Det